ulate b(-3).
7
Let f(s) be the third derivative of -s**5/30 + s**4/6 - s**3/2 + s**2 - 16*s. Let t be f(3). Let q(g) = g**2 + 9*g - 5. Calculate q(t).
-5
Suppose 2056 = -12*r + 8908. Let b = -575 + r. Let u(d) = -5 + 2*d - 6*d + d. Give u(b).
7
Let c be (-23387)/(-2827) + (260/55 - 5). Let b(j) = 3*j - 7. Let a(h) = h - 3. Let p(d) = -5*a(d) + 2*b(d). Give p(c).
9
Let i = 2131 + -2137. Let m(k) = k**3 + 6*k**2 + k + 5. What is m(i)?
-1
Suppose -2*x + 65 = 1479*a - 1484*a, 0 = -4*a - 2*x - 70. Let v(n) = -3*n**2 - 40*n + 52. Determine v(a).
-23
Let p(a) = 5*a - 11. Let b be p(8). Suppose 0 = -30*k + b*k + 6. Let f(v) = v**2 - k - 3*v + 0 + 10. Give f(5).
14
Let n(z) = z**2 - 1. Let r(j) be the first derivative of j**3/3 - 9*j**2/2 + 4*j + 6. Let l be r(9). Suppose 0 = 4*b - l*h + 20, 3*b - 4*h = 4 - 23. Give n(b).
0
Let o(t) = -2*t**3 + 2*t**2 + 3*t - 2. Let g(k) = 2*k**2 + 50*k - 7. Let f be g(-28). Let q = f - 159. What is o(q)?
-4
Let s(m) = 2*m**2 + 9*m + 1. Let p = 159 - 144. Suppose l + 3*w - p = 4*l, -3 = 3*w. Calculate s(l).
19
Let q(p) = p**2 + 5*p - 2. Let h = 46 + -46. Let n = -12 + h. Let f = 8 + n. Calculate q(f).
-6
Let g(v) = -7 + 2 - 5*v + 10*v. Let r(s) = 2*s**2 - 6*s + 7. Let k(t) = 4*g(t) + 3*r(t). What is k(-1)?
5
Let f(p) = -p**3 + 6*p**2 + 6*p + 3. Let d = 101 - 75. Suppose 0 = -s + 2*b + 2*b - 1, -b - d = -4*s. Calculate f(s).
-4
Let m(y) = -1 - 20392*y + 0 + 10196*y - y**2 + 10190*y. Let w(b) = -b**2 + 5*b - 7. Let s be w(5). Calculate m(s).
-8
Let n(l) be the second derivative of -10*l**3/3 + 54*l**2 - l + 1946. Give n(5).
8
Let z(s) = -s**3 - 2*s**2 + 3*s + 2. Suppose 28*k = 39*k - 44. Suppose h = 6*h - 4*d + 23, -k*h = d + 10. What is z(h)?
2
Let u(d) = -18*d**3 + 2*d**2 + 3*d + 2. Let n = -667 + 649. Let z be ((-3)/12 + n/(-24))*-2. Determine u(z).
19
Let m(c) = -23433*c**2 + 11714*c**2 + 11720*c**2 + 2*c + 0*c. Let y(w) = -w**2 - 6*w - 6. Let i be y(-4). What is m(i)?
8
Let h(s) = -17*s - 22. Let m(c) = -38*c - 42. Let p(v) = 5*h(v) - 2*m(v). Determine p(-3).
1
Let a(p) = 2*p**3 + 36*p**2 - 66*p - 534. Let s be a(-19). Let h(m) = -3*m**2 - 16*m - 16. Determine h(s).
4
Let f be (-11)/(-33)*(0 + 18). Let y(w) = -6*w - 9. Let k(t) = -8*t - 16. Let u(l) = -2*k(l) + 3*y(l). Calculate u(f).
-7
Let r(n) = -n**3 - 39*n**2 + 41*n + 38. Let v = -4959 + 4919. Calculate r(v).
-2
Let k(n) = n - 5. Let b be k(0). Let y(s) = -29*s**3 - 3*s**2 + 3*s - 1. Let j(t) = -36*t**3 - 3*t**2 + 3*t - 2. Let w(v) = -4*j(v) + 5*y(v). Calculate w(b).
38
Suppose 9 - 3 = 3*q. Let v(o) = -o + 3. Let t be v(q). Let i(k) = -11*k**3 - 33 + 47 + 2*k**2 - 15. Calculate i(t).
-10
Let p(l) = -995*l**2 + 28*l + 4. Let g(n) = -142*n**2 + 3*n + 1. Let i(w) = -7*g(w) + p(w). Let b = -8 - -14. Calculate i(b).
3
Let t(v) be the third derivative of -1/120*v**6 + 150*v**2 + 1/12*v**4 + 0 + 1/20*v**5 + 1/3*v**3 + 0*v. What is t(-2)?
18
Let b(v) be the second derivative of -v**3/6 - 7*v**2/2 - 4025*v - 1. Suppose -2*a - 19 = s, 3*a + 42 = 5*s - 2*s. What is b(a)?
4
Suppose -106 = 13*a - 93. Let i(t) = -14*t**2 + t + 1. Determine i(a).
-14
Let p(u) be the third derivative of -u**4/12 - 2*u**3 + 563*u**2. Calculate p(-13).
14
Let q(d) = 6805*d**3 - 32*d**2 - 6806*d**3 + 13 + 13 - 30*d. Determine q(-31).
-5
Let m(o) = o**2 + 46*o - 6. Let s(g) = 3*g**3 + g**2 - 154*g - 436. Let x be s(-3). What is m(x)?
-6
Let j(y) = 0*y**3 + y**3 - 399371*y**2 + 20 + 399354*y**2 - 38*y. What is j(19)?
20
Let s(i) be the second derivative of -i**4/12 + i**3/2 - 5*i**2 + 1762*i. What is s(-4)?
-38
Let j(f) = 19*f**2 + f + 4. Let g be j(-2). Suppose 0 = 39*t - 117 - g. Let d(c) = 2*c**3 - 9*c**2 - 4*c - 5. Determine d(t).
0
Let u be ((-12)/10)/((-486)/540)*21/(-4). Let f(n) = 2*n - 3*n + 0*n - 5. What is f(u)?
2
Let m(t) = 418*t**2 + 417*t**2 - 1246*t**2 - 7*t + 412*t**2 - 254. Let b be m(-13). Let n(j) = -j**2 + 4*j + 14. Give n(b).
2
Let x be 0 - ((-2)/3)/((-14)/(-21)). Let f(u) = -u**3 - u**2 + u - 1. Let b(i) = -43 - 41 - 4*i**2 + 5*i - i**3 + 79. Let c(m) = x*b(m) - 2*f(m). Give c(2).
3
Let o(y) = -218*y**2 + 21*y + 24. Let v(h) = -145*h**2 + 15*h + 17. Let i(j) = 5*o(j) - 7*v(j). What is i(-1)?
-74
Let t(h) = h - 7. Let r(p) = -11*p**2 + 23*p + 46. Let j be r(-7). Let m = 657 + j. Calculate t(m).
-4
Let o(t) = -t**2 - 6*t + 3. Let f be o(-5). Let a(k) = -20*k - 103 + 77 + 2*k + 16*k + 3*k. Calculate a(f).
-18
Let o(u) = u**3 - 9*u**2 + 11*u - 5. Let q = 53 - 76. Let x = q + 31. Give o(x).
19
Let l(j) = -j**2 - 8*j + 3. Let m(i) be the second derivative of i**4/3 + 9*i**3/2 - 8*i**2 - 10*i - 1. Let b be m(-7). Determine l(b).
-6
Let b = -4 + 1. Let y(p) be the third derivative of -p**7/1680 - p**6/180 + p**5/10 - p**4/2 + 2*p**2 + 8. Let h(m) be the third derivative of y(m). Give h(b).
5
Suppose 0 = 2*u + 15*u - 1071. Suppose -259 = -28*z - u. Let f(k) = k - 20. Determine f(z).
-13
Let a be -7 + 0 + 2 + 11 + -8. Let p(r) = -r**2 - 11*r + 2. Let k be p(-11). Let v(i) = -36 + 22 + 15 + k*i. Calculate v(a).
-3
Let x(b) = 2*b**2 + b - 8. Suppose -186*j + 511 - 163 = -396. Give x(j).
28
Let g(l) = l + 1. Suppose z + 23 = 4*z + 2*m, -3*m + 12 = 0. Suppose 0 = 3*i - 3*t - 25 + 7, -40 = -z*i - 5*t. Let b be i - 3 - 8 - 0. What is g(b)?
-3
Let v(m) = -m**3 - 61*m**2 + 5*m + 309. Suppose -41*b = 44*b + 6*b + 5551. What is v(b)?
4
Let g(u) = -9*u**2 + 1. Let z(a) = -a**3 - 16*a**2 + 35*a - 7. Let d be z(-18). Let p be 1/2*(91/7 - d). What is g(p)?
-8
Suppose -6*l + 3*l - 9 = 5*m, -12 = 4*l. Let a(r) = 10179 + r**2 + 2*r - 10176 + m*r**2. Give a(-3).
6
Let z be (-20)/((-2)/1 + 16/(144/9)). Let g(s) = -s**3 + 19*s**2 + 20*s - 10. Calculate g(z).
-10
Let o(a) = 2*a - 6. Let r(p) = 7*p**2 - 3*p + 6. Suppose 0 = 6*b - 6 - 6. Let c be r(b). Suppose 26 + c = 9*n. What is o(n)?
6
Suppose -302*o - 2808 = -298*o. Let a = 710 + o. Let s(d) = -d**3 + 7*d**2 + 6*d + 9. Calculate s(a).
-7
Let y(k) = 1416*k - 2829*k + 1414*k. Let x(i) = -1. Let o(j) = x(j) + y(j). What is o(-1)?
-2
Let f(v) = v - 6. Let s(x) = 2*x**2 - 11*x - 16. Let a be s(-3). Suppose 0 = -3*i - 2*t + 40, i = -3*i + t + a. Calculate f(i).
4
Suppose 2147 = -9*p + 2354. Let y(a) = -7*a + 145. Determine y(p).
-16
Let i(k) = -522*k**3 + 12*k**2 + 193*k**3 + 2 + 330*k**3. Determine i(-11).
123
Let b(c) = -c**3 - 31*c**2 - 5*c - 160. Let x = 3098 - 3129. Give b(x).
-5
Suppose -32*q - 84 = -11*q. Suppose 3*s - 2*s = -5*h + 18, -h - 5*s = 6. Let n(y) = 0 + 3 - 3*y + h*y. Determine n(q).
-1
Let c(q) = -q**3 + 6*q**2 - 5*q - 3. Let g(h) = 2*h**3 - 6*h - 7. Let w be g(4). Suppose 5*j - 22 + w = 0. Let m be (1 + 14)*(-5)/j. Calculate c(m).
-3
Let q(k) = 9*k. Let s = 6 - 6. Suppose s = -7*h + 46*h + 39. What is q(h)?
-9
Let a(o) be the first derivative of o**3/3 - 15*o**2/2 + 23*o + 1106. Give a(9).
-31
Let t = 8082 - 8084. Suppose 0 = -4*f - 5*b + 22, -2*f + 4 = b - 2*b. Let z(j) = j - 4*j + j**2 + f*j. Determine z(t).
4
Let u(d) = -d**2 - 27*d + 32. Let r = 6015 + -6043. What is u(r)?
4
Suppose -4*u + 4*z + 422 = -562, 5*u + 4*z = 1266. Let r = 258 - u. Let a(m) be the first derivative of -m**2/2 + 8*m - 1. Calculate a(r).
0
Let d(r) = 7*r**2 - 110*r - 35. Let q be d(16). Let n(v) = -v**3 - 4*v**2 + 3. Calculate n(q).
-6
Let b(r) = -r. Let h(n) = 6*n. Let l be 1 + -12 + 3 + -1 + 4. Let d(p) = -6*p. Let s(o) = l*h(o) - 6*d(o). Let q(m) = -10*b(m) - 2*s(m). Calculate q(-1).
2
Let z(g) = -g**3 + 3*g**2 + 3*g - 3. Let p be z(3). Let o(v) = -169*v**2 + 192*v**3 + 2 + v + 175*v**2 - v - 193*v**3. Give o(p).
2
Let q be -5 + (0 - (-4)/(-4)). Let z be 6/14*-5 + q/(-42). Let f(s) = s**3 + 3*s**2 + s + 2. What is f(z)?
4
Suppose -6*d + 2*d + 28 = 0. Let q be d/2*(2 + -4). Let u(i) be the second derivative of -i**4/12 - 3*i**3/2 - 3*i**2/2 - 145399*i. What is u(q)?
11
Let y be 9/(-2)*(-120)/36. Let j be 4 + 2/(0 + 2). Let s(p) = 17 - j - y + p. Calculate s(7).
4
Let o(b) = 59*b + 62 + 86*b + b**2 - 129*b. What is o(-6)?
2
Let r(u) = 28*u**2 - 17*u + 9. Let v(c) = 9*c**2 - 2. Let t(h) = r(h) - 3*v(h). Determine t(16).
-1
Let d(t) = t**2 + 38*t - 1. Let k(v) = -3*v**2 - 178*v + 35. Let m(f) = -5*d(f) - k(f). Calculate m(-5).
-20
Let v = 171 - 177. Let a(c) be the second derivative of -c**4/6 - 3*c**3/2 - 4*c**2 - 16*c - 26. Give a(v).
-26
Let s(a) be the fi